 when 1022 is divided by 262?
236
What is the remainder when 970 is divided by 53?
16
What is the remainder when 33120 is divided by 753?
741
Calculate the remainder when 40855 is divided by 13616.
7
What is the remainder when 6462564 is divided by 295?
294
What is the remainder when 19209 is divided by 1022?
813
Calculate the remainder when 1344 is divided by 663.
18
What is the remainder when 3006197 is divided by 58?
57
Calculate the remainder when 86380 is divided by 103.
66
Calculate the remainder when 194899 is divided by 984.
67
What is the remainder when 22116 is divided by 5520?
36
Calculate the remainder when 12847 is divided by 11.
10
Calculate the remainder when 19128 is divided by 46.
38
What is the remainder when 5974 is divided by 2546?
882
Calculate the remainder when 399 is divided by 325.
74
Calculate the remainder when 96517 is divided by 19.
16
Calculate the remainder when 52731 is divided by 17574.
9
Calculate the remainder when 18684 is divided by 6151.
231
What is the remainder when 63467 is divided by 447?
440
Calculate the remainder when 132877 is divided by 28.
17
Calculate the remainder when 2418 is divided by 365.
228
What is the remainder when 4914 is divided by 546?
0
What is the remainder when 89382 is divided by 17867?
47
What is the remainder when 613 is divided by 28?
25
Calculate the remainder when 14917 is divided by 148.
117
What is the remainder when 101011 is divided by 18?
13
What is the remainder when 8923 is divided by 494?
31
Calculate the remainder when 1275506 is divided by 38.
36
What is the remainder when 78639 is divided by 1787?
11
What is the remainder when 168512 is divided by 3439?
1
Calculate the remainder when 3804 is divided by 1263.
15
Calculate the remainder when 331146 is divided by 27.
18
What is the remainder when 39795 is divided by 447?
12
Calculate the remainder when 321178 is divided by 160568.
42
Calculate the remainder when 15519 is divided by 770.
119
What is the remainder when 1489 is divided by 39?
7
Calculate the remainder when 6632 is divided by 6004.
628
Calculate the remainder when 272618 is divided by 995.
983
What is the remainder when 9642 is divided by 9634?
8
What is the remainder when 825 is divided by 135?
15
What is the remainder when 8637 is divided by 144?
141
Calculate the remainder when 1182 is divided by 138.
78
What is the remainder when 275208 is divided by 11?
10
What is the remainder when 3498 is divided by 105?
33
Calculate the remainder when 6903 is divided by 1148.
15
Calculate the remainder when 129783 is divided by 22.
5
Calculate the remainder when 530 is divided by 14.
12
Calculate the remainder when 9864 is divided by 4886.
92
Calculate the remainder when 361387 is divided by 167.
166
What is the remainder when 2236 is divided by 277?
20
Calculate the remainder when 1714 is divided by 260.
154
What is the remainder when 7253 is divided by 7220?
33
Calculate the remainder when 144197 is divided by 70.
67
What is the remainder when 2099 is divided by 131?
3
Calculate the remainder when 771 is divided by 399.
372
What is the remainder when 2589706 is divided by 22?
20
What is the remainder when 669892 is divided by 4652?
4
Calculate the remainder when 18861 is divided by 103.
12
What is the remainder when 3875 is divided by 427?
32
What is the remainder when 34885 is divided by 352?
37
Calculate the remainder when 398 is divided by 58.
50
Calculate the remainder when 120428 is divided by 41.
11
Calculate the remainder when 9974 is divided by 3320.
14
Calculate the remainder when 498 is divided by 39.
30
What is the remainder when 67989 is divided by 22663?
0
What is the remainder when 872113 is divided by 46?
45
Calculate the remainder when 16062 is divided by 1878.
1038
Calculate the remainder when 13891 is divided by 6785.
321
Calculate the remainder when 3921 is divided by 74.
73
Calculate the remainder when 88196 is divided by 100.
96
What is the remainder when 2641709 is divided by 22?
15
Calculate the remainder when 425049 is divided by 17710.
9
Calculate the remainder when 31083 is divided by 45.
33
Calculate the remainder when 70673 is divided by 31.
24
Calculate the remainder when 18558 is divided by 615.
108
Calculate the remainder when 691553 is divided by 345770.
13
Calculate the remainder when 23001 is divided by 142.
139
What is the remainder when 1340 is divided by 105?
80
Calculate the remainder when 76 is divided by 15.
1
What is the remainder when 6622 is divided by 10?
2
Calculate the remainder when 1548 is divided by 387.
0
Calculate the remainder when 1142 is divided by 49.
15
What is the remainder when 8030 is divided by 1997?
42
What is the remainder when 1098 is divided by 106?
38
Calculate the remainder when 60753 is divided by 49.
42
What is the remainder when 333 is divided by 148?
37
Calculate the remainder when 25990 is divided by 2886.
16
What is the remainder when 554 is divided by 110?
4
Calculate the remainder when 2776 is divided by 7.
4
What is the remainder when 20807 is divided by 11?
6
Calculate the remainder when 95294 is divided by 43.
6
Calculate the remainder when 18888 is divided by 1260.
1248
Calculate the remainder when 22050 is divided by 356.
334
Calculate the remainder when 22339 is divided by 37.
28
What is the remainder when 31661 is divided by 4370?
1071
What is the remainder when 36400 is divided by 1103?
1
What is the remainder when 14253 is divided by 54?
51
Calculate the remainder when 4512 is divided by 1116.
48
Calculate the remainder when 85211 is divided by 3.
2
What is the remainder when 2313 is divided by 6?
3
Calculate the remainder when 2210 is divided by 42.
26
Calculate the remainder when 4074 is divided by 14.
0
Calculate the remainder when 605 is divided by 336.
269
What is the remainder when 102547 is divided by 17088?
19
What is the remainder when 56508 is divided by 972?
132
What is the remainder when 1787622 is divided by 21?
18
What is the remainder when 16605 is divided by 7798?
1009
What is the remainder when 432743 is divided by 876?
875
Calculate the remainder when 944 is divided by 31.
14
What is the remainder when 7478 is divided by 278?
250
Calculate the remainder when 4794 is divided by 27.
15
What is the remainder when 394470 is divided by 65745?
0
What is the remainder when 7126 is divided by 99?
97
Calculate the remainder when 84858 is divided by 98.
88
What is the remainder when 9649 is divided by 60?
49
What is the remainder when 8390 is divided by 1996?
406
Calculate the remainder when 7741 is divided by 88.
85
Calculate the remainder when 9548 is divided by 9503.
45
Calculate the remainder when 14074 is divided by 75.
49
What is the remainder when 295642 is divided by 74?
12
What is the remainder when 14201 is divided by 1291?
0
Calculate the remainder when 4031 is divided by 17.
2
Calculate the remainder when 33651 is divided by 199.
20
What is the remainder when 5346 is divided by 53?
46
Calculate the remainder when 84583 is divided by 16915.
8
Calculate the remainder when 80056 is divided by 16.
8
Calculate the remainder when 78631 is divided by 2129.
1987
Calculate the remainder when 173258 is divided by 201.
197
Calculate the remainder when 979087 is divided by 19.
17
What is the remainder when 295 is divided by 17?
6
Calculate the remainder when 25963 is divided by 1083.
1054
What is the remainder when 5051 is divided by 316?
311
Calculate the remainder when 19023 is divided by 9507.
9
What is the remainder when 12922 is divided by 231?
217
What is the remainder when 15659 is divided by 1552?
139
Calculate the remainder when 111441 is divided by 13925.
41
What is the remainder when 23264 is divided by 439?
436
Calculate the remainder when 193758 is divided by 804.
798
Calculate the remainder when 16994 is divided by 16972.
22
Calculate the remainder when 19252 is divided by 2.
0
Calculate the remainder when 7809 is divided by 3361.
1087
Calculate the remainder when 17249 is divided by 17247.
2
Calculate the remainder when 5700 is divided by 383.
338
Calculate the remainder when 18499 is divided by 4616.
35
What is the remainder when 51509 is divided by 41?
13
What is the remainder when 63214 is divided by 290?
284
Calculate the remainder when 5796 is div